f 57297?
2
What is the units digit of 465?
5
What is the tens digit of 1334?
3
What is the thousands digit of 30153?
0
What is the hundreds digit of 2069?
0
What is the tens digit of 51?
5
What is the tens digit of 1300?
0
What is the hundreds digit of 1236?
2
What is the thousands digit of 3419?
3
What is the thousands digit of 1651?
1
What is the tens digit of 1052?
5
What is the tens digit of 69036?
3
What is the tens digit of 53496?
9
What is the tens digit of 2853?
5
What is the units digit of 603?
3
What is the thousands digit of 11403?
1
What is the tens digit of 138850?
5
What is the hundreds digit of 220?
2
What is the thousands digit of 23034?
3
What is the thousands digit of 4626?
4
What is the thousands digit of 2000?
2
What is the units digit of 352?
2
What is the tens digit of 27533?
3
What is the hundreds digit of 3057?
0
What is the hundreds digit of 23475?
4
What is the units digit of 34940?
0
What is the thousands digit of 11795?
1
What is the ten thousands digit of 58602?
5
What is the units digit of 2374?
4
What is the ten thousands digit of 62994?
6
What is the tens digit of 1711?
1
What is the units digit of 3153?
3
What is the thousands digit of 13310?
3
What is the tens digit of 203?
0
What is the hundreds digit of 38199?
1
What is the hundreds digit of 412?
4
What is the units digit of 3760?
0
What is the thousands digit of 27557?
7
What is the units digit of 665?
5
What is the thousands digit of 33697?
3
What is the tens digit of 131133?
3
What is the hundreds digit of 2992?
9
What is the units digit of 12148?
8
What is the hundreds digit of 2042?
0
What is the hundreds digit of 1570?
5
What is the hundreds digit of 681?
6
What is the tens digit of 885?
8
What is the hundreds digit of 16697?
6
What is the units digit of 35795?
5
What is the thousands digit of 105853?
5
What is the units digit of 22285?
5
What is the units digit of 29643?
3
What is the ten thousands digit of 42430?
4
What is the hundreds digit of 4067?
0
What is the tens digit of 314?
1
What is the hundreds digit of 29970?
9
What is the units digit of 624?
4
What is the units digit of 7831?
1
What is the thousands digit of 12279?
2
What is the thousands digit of 3440?
3
What is the thousands digit of 13572?
3
What is the hundreds digit of 1701?
7
What is the hundreds digit of 5056?
0
What is the thousands digit of 15462?
5
What is the hundreds digit of 3124?
1
What is the thousands digit of 6619?
6
What is the tens digit of 63?
6
What is the hundreds digit of 490?
4
What is the thousands digit of 1802?
1
What is the thousands digit of 38920?
8
What is the hundreds digit of 32594?
5
What is the hundreds digit of 53834?
8
What is the thousands digit of 1557?
1
What is the tens digit of 1389?
8
What is the units digit of 7167?
7
What is the units digit of 102145?
5
What is the ten thousands digit of 128860?
2
What is the hundreds digit of 677?
6
What is the hundreds digit of 10425?
4
What is the thousands digit of 3124?
3
What is the tens digit of 6145?
4
What is the tens digit of 8344?
4
What is the tens digit of 9532?
3
What is the tens digit of 33254?
5
What is the tens digit of 3172?
7
What is the hundreds digit of 1311?
3
What is the hundreds digit of 62578?
5
What is the hundreds digit of 36539?
5
What is the thousands digit of 59437?
9
What is the tens digit of 3479?
7
What is the tens digit of 2590?
9
What is the units digit of 4483?
3
What is the hundreds digit of 530?
5
What is the hundreds digit of 769?
7
What is the units digit of 31541?
1
What is the units digit of 5893?
3
What is the hundreds digit of 6469?
4
What is the hundreds digit of 41082?
0
What is the thousands digit of 2153?
2
What is the tens digit of 12532?
3
What is the ten thousands digit of 53518?
5
What is the hundreds digit of 13814?
8
What is the tens digit of 2139?
3
What is the units digit of 19372?
2
What is the tens digit of 1087?
8
What is the units digit of 104809?
9
What is the hundreds digit of 3657?
6
What is the tens digit of 6075?
7
What is the tens digit of 20670?
7
What is the hundreds digit of 275?
2
What is the tens digit of 1434?
3
What is the thousands digit of 29144?
9
What is the thousands digit of 1151?
1
What is the thousands digit of 3649?
3
What is the hundreds digit of 3039?
0
What is the tens digit of 3051?
5
What is the units digit of 8917?
7
What is the tens digit of 20474?
7
What is the hundreds digit of 116?
1
What is the tens digit of 2311?
1
What is the hundreds digit of 2397?
3
What is the tens digit of 9158?
5
What is the units digit of 65?
5
What is the units digit of 7786?
6
What is the units digit of 9624?
4
What is the units digit of 675?
5
What is the units digit of 3018?
8
What is the ten thousands digit of 16001?
1
What is the ten thousands digit of 16247?
1
What is the tens digit of 1945?
4
What is the thousands digit of 2698?
2
What is the ten thousands digit of 92151?
9
What is the units digit of 2782?
2
What is the units digit of 2925?
5
What is the thousands digit of 6227?
6
What is the thousands digit of 87726?
7
What is the thousands digit of 3695?
3
What is the tens digit of 2375?
7
What is the tens digit of 179?
7
What is the thousands digit of 97240?
7
What is the tens digit of 4927?
2
What is the tens digit of 477?
7
What is the hundreds digit of 5322?
3
What is the thousands digit of 3146?
3
What is the hundreds digit of 1343?
3
What is the thousands digit of 2728?
2
What is the hundred thousands digit of 156770?
1
What is the hundreds digit of 95683?
6
What is the hundreds digit of 180546?
5
What is the tens digit of 3371?
7
What is the units digit of 28870?
0
What is the units digit of 14917?
7
What is the thousands digit of 1310?
1
What is the hundreds digit of 2383?
3
What is the tens digit of 2609?
0
What is the units digit of 820?
0
What is the units digit of 934?
4
What is the hundreds digit of 14767?
7
What is the tens digit of 48?
4
What is the units digit of 1517?
7
What is the units digit of 32865?
5
What is the ten thousands digit of 56185?
5
What is the units digit of 4254?
4
What is the ten thousands digit of 66230?
6
What is the units digit of 3637?
7
What is the ten thousands digit of 66933?
6
What is the units digit of 62097?
7
What is the tens digit of 591?
9
What is the tens digit of 5508?
0
What is the tens digit of 6998?
9
What is the thousands digit of 1791?
1
What is the thousands digit of 2224?
2
What is the units digit of 48561?
1
What is the tens digit of 4024?
2
What is the hundreds digit of 4857?
8
What is the tens digit of 193460?
6
What is the units digit of 464?
4
What is the ten thousands digit of 17152?
1
What is the hundreds digit of 25270?
2
What is the hundreds digit of 131805?
8
What is the tens digit of 69138?
3
What is the thousands digit of 2464?
2
What is the hundreds digit of 15746?
7
What is the thousands digit of 100017?
0
What is the units digit of 65714?
4
What is the units digit of 690?
0
What is the hundreds digit of 28797?
7
What is the hundreds digit of 36082?
0
What is the units digit of 1258?
8
What is the thousands digit of 2271?
2
What is the thousands digit of 3163?
3
What is the hundreds digit of 7362?
3
What is the units digit of 27025?
5
What is the tens digit of 607?
0
What is the tens digit of 16614?
1
What is the thousands digit of 119430?
9
What is the units digit of 7134?
4
What is the thousands digit of 1059?
1
What is the ten thousands digit of 34824?
3
What is the hundreds digit of 8286?
2
What is the tens digit of 908?
0
What is the tens digit of 8378?
7
What is the hundreds digit of 73892?
8
What is the tens digit of 40944?
4
What is the hundreds digit of 5748?
7
What is the tens digit of 13145?
4
What is the tens digit of 13036?
3
What is the hundreds digit of 60273?
2
What is the tens digit of 2198?
9
What is the units digit of 489?
9
What is the tens digit of 4592?
9
What is the units digit of 512?
2
What is the units digit of 278?
8
What is the hundreds digit of 3289?
2
What is the hundreds digit of 5148?
1
What is the hundreds digit of 4289?
2
What is the tens digit of 63462?
6
What is the units digit of 4138?
8
What is the thousands digit of 1906?
1
What is the ten thousands digit of 48686?
4
What is the tens digit of 93984?
8
What is the hundred